{"id":453,"date":"2025-11-07T13:34:29","date_gmt":"2025-11-07T13:34:29","guid":{"rendered":"https:\/\/terraexact.de\/?page_id=453"},"modified":"2025-11-19T08:24:10","modified_gmt":"2025-11-19T08:24:10","slug":"hydraulische-nachruestung","status":"publish","type":"page","link":"https:\/\/terraexact.de\/index.php\/hydraulische-nachruestung\/","title":{"rendered":"Hydraulische Nachr\u00fcstung"},"content":{"rendered":"\n[et_pb_section fb_built=&#8220;1&#8243; admin_label=&#8220;Header&#8220; _builder_version=&#8220;4.27.4&#8243; _module_preset=&#8220;default&#8220; background_color=&#8220;#e5e5e5&#8243; custom_padding=&#8220;0px||0px||true|false&#8220; collapsed=&#8220;on&#8220; global_colors_info=&#8220;{}&#8220;][et_pb_row column_structure=&#8220;1_2,1_2&#8243; use_custom_gutter=&#8220;on&#8220; gutter_width=&#8220;1&#8243; make_equal=&#8220;on&#8220; _builder_version=&#8220;4.27.4&#8243; _module_preset=&#8220;default&#8220; parallax=&#8220;on&#8220; width=&#8220;100%&#8220; max_width=&#8220;none&#8220; custom_padding=&#8220;0px||0px||true|false&#8220; hover_enabled=&#8220;0&#8243; global_colors_info=&#8220;{}&#8220; sticky_enabled=&#8220;0&#8243;][et_pb_column type=&#8220;1_2&#8243; _builder_version=&#8220;4.27.4&#8243; _module_preset=&#8220;default&#8220; background_enable_color=&#8220;off&#8220; background_image=&#8220;https:\/\/terraexact.de\/wp-content\/uploads\/2025\/11\/AGS-2_AGI-4_F_20201015_0001-original-scaled.jpeg&#8220; parallax=&#8220;on&#8220; background_blend=&#8220;multiply&#8220; custom_padding=&#8220;10%|5%|10%|5%|true|true&#8220; global_colors_info=&#8220;{}&#8220;][et_pb_heading title=&#8220;Hydraulische Lenkung&#8220; _builder_version=&#8220;4.27.4&#8243; _module_preset=&#8220;674ead84-2c3e-46c1-b20f-d757367635cd&#8220; title_text_align=&#8220;center&#8220; title_text_color=&#8220;#FFFFFF&#8220; title_font_size=&#8220;67px&#8220; width=&#8220;100%&#8220; custom_margin=&#8220;2px||10px||false|false&#8220; global_colors_info=&#8220;{}&#8220;][\/et_pb_heading][et_pb_heading title=&#8220;F\u00fcr alle, die ihr altes Lenkrad behalten wollen&#8220; _builder_version=&#8220;4.27.4&#8243; _module_preset=&#8220;016531d7-dbeb-4a7b-a364-517d8552a5e8&#8243; title_text_align=&#8220;center&#8220; title_text_color=&#8220;#FFFFFF&#8220; global_colors_info=&#8220;{}&#8220;][\/et_pb_heading][et_pb_image src=&#8220;https:\/\/terraexact.de\/wp-content\/uploads\/2025\/11\/topcon_XDPlusCL-10AGS-2_20201015-0001_A_pho-original-scaled.jpeg&#8220; title_text=&#8220;topcon_XDPlusCL-10AGS-2_20201015-0001_A_pho (original)&#8220; align=&#8220;center&#8220; _builder_version=&#8220;4.27.4&#8243; _module_preset=&#8220;default&#8220; width=&#8220;60%&#8220; module_alignment=&#8220;center&#8220; custom_margin=&#8220;||30px||false|false&#8220; animation_style=&#8220;slide&#8220; animation_speed_curve=&#8220;ease&#8220; global_colors_info=&#8220;{}&#8220;][\/et_pb_image][et_pb_button button_url=&#8220;https:\/\/terraexact.de\/?page_id=100&#038;et_fb=1&#038;PageSpeed=off&#8220; button_text=&#8220;Jetzt anfragen&#8220; button_alignment=&#8220;center&#8220; _builder_version=&#8220;4.27.4&#8243; _module_preset=&#8220;42a090f9-a74c-4a0a-875b-62b1818519d6&#8243; global_colors_info=&#8220;{}&#8220;][\/et_pb_button][\/et_pb_column][et_pb_column type=&#8220;1_2&#8243; _builder_version=&#8220;4.27.4&#8243; _module_preset=&#8220;default&#8220; background_image=&#8220;https:\/\/terraexact.de\/wp-content\/uploads\/2025\/11\/topcon_valuelinecultivatorfendt15_241216app-original-scaled.jpeg&#8220; hover_enabled=&#8220;0&#8243; global_colors_info=&#8220;{}&#8220; parallax=&#8220;on&#8220; sticky_enabled=&#8220;0&#8243;][et_pb_divider show_divider=&#8220;off&#8220; _builder_version=&#8220;4.25.1&#8243; _module_preset=&#8220;default&#8220; height_tablet=&#8220;50vw&#8220; height_phone=&#8220;50vw&#8220; height_last_edited=&#8220;on|phone&#8220; global_colors_info=&#8220;{}&#8220;][\/et_pb_divider][\/et_pb_column][\/et_pb_row][\/et_pb_section][et_pb_section fb_built=&#8220;1&#8243; admin_label=&#8220;About&#8220; _builder_version=&#8220;4.25.1&#8243; _module_preset=&#8220;default&#8220; collapsed=&#8220;on&#8220; global_colors_info=&#8220;{}&#8220;][et_pb_row column_structure=&#8220;2_3,1_3&#8243; _builder_version=&#8220;4.25.1&#8243; _module_preset=&#8220;default&#8220; global_colors_info=&#8220;{}&#8220;][et_pb_column type=&#8220;2_3&#8243; _builder_version=&#8220;4.25.1&#8243; _module_preset=&#8220;default&#8220; global_colors_info=&#8220;{}&#8220;][et_pb_heading title=&#8220;Lenkung professionell Hydraulisch&#8220; _builder_version=&#8220;4.27.4&#8243; _module_preset=&#8220;a986f848-2fa1-4cae-bb03-486a5ec1f8f4&#8243; custom_margin=&#8220;||10px||false|false&#8220; global_colors_info=&#8220;{}&#8220;][\/et_pb_heading][et_pb_text _builder_version=&#8220;4.27.4&#8243; _module_preset=&#8220;288fa487-e463-41f1-a16a-df824c82873d&#8220; custom_padding=&#8220;||1px|||&#8220; global_colors_info=&#8220;{}&#8220;]<p data-start=\"122\" data-end=\"388\">Die <strong data-start=\"126\" data-end=\"169\">hydraulische Nachr\u00fcstlenkung von Topcon<\/strong> erm\u00f6glicht pr\u00e4zises, automatisches Lenken auch auf Traktoren ohne Werks\u2011Lenksystem. Sie reduziert \u00dcberlappungen, spart Zeit, Betriebsmittel und entlastet den Fahrer \u2013 ideal f\u00fcr Aussaat, D\u00fcngung oder Bodenbearbeitung.<\/p>\n<p data-start=\"390\" data-end=\"662\">Dank <strong data-start=\"395\" data-end=\"452\">GNSS\u2011Empf\u00e4nger, Steuercontroller und Display-Terminal<\/strong> l\u00e4sst sich die Lenkung einfach nachr\u00fcsten und punktgenau steuern. Die L\u00f6sung ist kompatibel mit vielen Traktormarken, bietet ISOBUS-Funktionen und ist der effiziente Einstieg in die Pr\u00e4zisionslandwirtschaft.<\/p>\n<p data-start=\"664\" data-end=\"679\"><strong data-start=\"664\" data-end=\"677\">Vorteile:<\/strong><\/p>\n<ul data-start=\"680\" data-end=\"875\">\n<li data-start=\"680\" data-end=\"723\">\n<p data-start=\"682\" data-end=\"723\">Automatisches Lenken f\u00fcr mehr Pr\u00e4zision<\/p>\n<\/li>\n<li data-start=\"724\" data-end=\"784\">\n<p data-start=\"726\" data-end=\"784\">Weniger \u00dcberlappungen und Einsparung von Betriebsmitteln<\/p>\n<\/li>\n<li data-start=\"785\" data-end=\"823\">\n<p data-start=\"787\" data-end=\"823\">Einfache Nachr\u00fcstung und Bedienung<\/p>\n<\/li>\n<li data-start=\"824\" data-end=\"875\">\n<p data-start=\"826\" data-end=\"875\">Flexibel einsetzbar auf verschiedenen Traktoren<\/p>\n<\/li>\n<\/ul>[\/et_pb_text][\/et_pb_column][et_pb_column type=&#8220;1_3&#8243; _builder_version=&#8220;4.25.1&#8243; _module_preset=&#8220;default&#8220; custom_padding=&#8220;30px|30px|30px|30px|true|true&#8220; custom_padding_tablet=&#8220;30px|30px|30px|30px|true|true&#8220; custom_padding_phone=&#8220;20px|20px|20px|20px|true|true&#8220; custom_padding_last_edited=&#8220;on|phone&#8220; border_width_all=&#8220;4px&#8220; border_color_all=&#8220;gcid-2f5b30e8-0b99-49ac-8bde-95b2f7f6fb2c&#8220; global_colors_info=&#8220;{%22gcid-2f5b30e8-0b99-49ac-8bde-95b2f7f6fb2c%22:%91%22border_color_all%22%93}&#8220;][et_pb_image src=&#8220;https:\/\/terraexact.de\/wp-content\/uploads\/2025\/11\/Kein-Titel-Instagram-Post-45-3.png&#8220; title_text=&#8220;Kein Titel (Instagram-Post (45)) (3)&#8220; _builder_version=&#8220;4.27.4&#8243; _module_preset=&#8220;default&#8220; custom_margin=&#8220;|2px||||&#8220; custom_padding=&#8220;|0px||||&#8220; animation_style=&#8220;slide&#8220; animation_delay=&#8220;650ms&#8220; global_colors_info=&#8220;{}&#8220;][\/et_pb_image][et_pb_text _builder_version=&#8220;4.27.4&#8243; _module_preset=&#8220;default&#8220; animation_style=&#8220;fade&#8220; animation_delay=&#8220;650ms&#8220; global_colors_info=&#8220;{}&#8220;]<p style=\"text-align: center;\">Auch <strong data-start=\"68\" data-end=\"89\">Hendrik Lindemann<\/strong> setzt bei seinen Automatischen Lenkungen auf die Technik von Topcon. Dabei muss ein EHI-Ventil von Topcon in den Schlepper eingebaut und mit der vorhandenen Lenkung verkn\u00fcpft werden. Die Steuerung erfolgt dann \u00fcber einer der Topcon Konsolen.<\/p>[\/et_pb_text][\/et_pb_column][\/et_pb_row][\/et_pb_section]\n","protected":false},"excerpt":{"rendered":"<p>Die hydraulische Nachr\u00fcstlenkung von Topcon erm\u00f6glicht pr\u00e4zises, automatisches Lenken auch auf Traktoren ohne Werks\u2011Lenksystem. Sie reduziert \u00dcberlappungen, spart Zeit, Betriebsmittel und entlastet den Fahrer \u2013 ideal f\u00fcr Aussaat, D\u00fcngung oder Bodenbearbeitung. Dank GNSS\u2011Empf\u00e4nger, Steuercontroller und Display-Terminal l\u00e4sst sich die Lenkung einfach nachr\u00fcsten und punktgenau steuern. Die L\u00f6sung ist kompatibel mit vielen Traktormarken, bietet ISOBUS-Funktionen und [&hellip;]<\/p>\n","protected":false},"author":3,"featured_media":0,"parent":0,"menu_order":0,"comment_status":"closed","ping_status":"closed","template":"","meta":{"_et_pb_use_builder":"on","_et_pb_old_content":"","_et_gb_content_width":"","footnotes":""},"class_list":["post-453","page","type-page","status-publish","hentry"],"yoast_head":"<!-- This site is optimized with the Yoast SEO plugin v26.6 - https:\/\/yoast.com\/wordpress\/plugins\/seo\/ -->\n<title>Hydraulische Nachr\u00fcstung - Terraexact<\/title>\n<meta name=\"description\" content=\"Deine Alternative zu einem Lenksystem mit Lenkradmotor? Ganz Klar Topcon! Mit dem EHI von Danfoss werden andere Ma\u00dfst\u00e4be gesetzt.\" \/>\n<meta name=\"robots\" content=\"index, follow, max-snippet:-1, max-image-preview:large, max-video-preview:-1\" \/>\n<link rel=\"canonical\" href=\"https:\/\/terraexact.de\/index.php\/hydraulische-nachruestung\/\" \/>\n<meta property=\"og:locale\" content=\"de_DE\" \/>\n<meta property=\"og:type\" content=\"article\" \/>\n<meta property=\"og:title\" content=\"Hydraulische Nachr\u00fcstung - Terraexact\" \/>\n<meta property=\"og:description\" content=\"Deine Alternative zu einem Lenksystem mit Lenkradmotor? Ganz Klar Topcon! Mit dem EHI von Danfoss werden andere Ma\u00dfst\u00e4be gesetzt.\" \/>\n<meta property=\"og:url\" content=\"https:\/\/terraexact.de\/index.php\/hydraulische-nachruestung\/\" \/>\n<meta property=\"og:site_name\" content=\"Terraexact\" \/>\n<meta property=\"article:modified_time\" content=\"2025-11-19T08:24:10+00:00\" \/>\n<meta name=\"twitter:card\" content=\"summary_large_image\" \/>\n<meta name=\"twitter:label1\" content=\"Gesch\u00e4tzte Lesezeit\" \/>\n\t<meta name=\"twitter:data1\" content=\"2\u00a0Minuten\" \/>\n<script type=\"application\/ld+json\" class=\"yoast-schema-graph\">{\"@context\":\"https:\/\/schema.org\",\"@graph\":[{\"@type\":\"WebPage\",\"@id\":\"https:\/\/terraexact.de\/index.php\/hydraulische-nachruestung\/\",\"url\":\"https:\/\/terraexact.de\/index.php\/hydraulische-nachruestung\/\",\"name\":\"Hydraulische Nachr\u00fcstung - Terraexact\",\"isPartOf\":{\"@id\":\"https:\/\/terraexact.de\/#website\"},\"datePublished\":\"2025-11-07T13:34:29+00:00\",\"dateModified\":\"2025-11-19T08:24:10+00:00\",\"description\":\"Deine Alternative zu einem Lenksystem mit Lenkradmotor? Ganz Klar Topcon! Mit dem EHI von Danfoss werden andere Ma\u00dfst\u00e4be gesetzt.\",\"breadcrumb\":{\"@id\":\"https:\/\/terraexact.de\/index.php\/hydraulische-nachruestung\/#breadcrumb\"},\"inLanguage\":\"de\",\"potentialAction\":[{\"@type\":\"ReadAction\",\"target\":[\"https:\/\/terraexact.de\/index.php\/hydraulische-nachruestung\/\"]}]},{\"@type\":\"BreadcrumbList\",\"@id\":\"https:\/\/terraexact.de\/index.php\/hydraulische-nachruestung\/#breadcrumb\",\"itemListElement\":[{\"@type\":\"ListItem\",\"position\":1,\"name\":\"Startseite\",\"item\":\"https:\/\/terraexact.de\/\"},{\"@type\":\"ListItem\",\"position\":2,\"name\":\"Hydraulische Nachr\u00fcstung\"}]},{\"@type\":\"WebSite\",\"@id\":\"https:\/\/terraexact.de\/#website\",\"url\":\"https:\/\/terraexact.de\/\",\"name\":\"Terraexact\",\"description\":\"\",\"potentialAction\":[{\"@type\":\"SearchAction\",\"target\":{\"@type\":\"EntryPoint\",\"urlTemplate\":\"https:\/\/terraexact.de\/?s={search_term_string}\"},\"query-input\":{\"@type\":\"PropertyValueSpecification\",\"valueRequired\":true,\"valueName\":\"search_term_string\"}}],\"inLanguage\":\"de\"}]}<\/script>\n<!-- \/ Yoast SEO plugin. -->","yoast_head_json":{"title":"Hydraulische Nachr\u00fcstung - Terraexact","description":"Deine Alternative zu einem Lenksystem mit Lenkradmotor? Ganz Klar Topcon! Mit dem EHI von Danfoss werden andere Ma\u00dfst\u00e4be gesetzt.","robots":{"index":"index","follow":"follow","max-snippet":"max-snippet:-1","max-image-preview":"max-image-preview:large","max-video-preview":"max-video-preview:-1"},"canonical":"https:\/\/terraexact.de\/index.php\/hydraulische-nachruestung\/","og_locale":"de_DE","og_type":"article","og_title":"Hydraulische Nachr\u00fcstung - Terraexact","og_description":"Deine Alternative zu einem Lenksystem mit Lenkradmotor? Ganz Klar Topcon! Mit dem EHI von Danfoss werden andere Ma\u00dfst\u00e4be gesetzt.","og_url":"https:\/\/terraexact.de\/index.php\/hydraulische-nachruestung\/","og_site_name":"Terraexact","article_modified_time":"2025-11-19T08:24:10+00:00","twitter_card":"summary_large_image","twitter_misc":{"Gesch\u00e4tzte Lesezeit":"2\u00a0Minuten"},"schema":{"@context":"https:\/\/schema.org","@graph":[{"@type":"WebPage","@id":"https:\/\/terraexact.de\/index.php\/hydraulische-nachruestung\/","url":"https:\/\/terraexact.de\/index.php\/hydraulische-nachruestung\/","name":"Hydraulische Nachr\u00fcstung - Terraexact","isPartOf":{"@id":"https:\/\/terraexact.de\/#website"},"datePublished":"2025-11-07T13:34:29+00:00","dateModified":"2025-11-19T08:24:10+00:00","description":"Deine Alternative zu einem Lenksystem mit Lenkradmotor? Ganz Klar Topcon! Mit dem EHI von Danfoss werden andere Ma\u00dfst\u00e4be gesetzt.","breadcrumb":{"@id":"https:\/\/terraexact.de\/index.php\/hydraulische-nachruestung\/#breadcrumb"},"inLanguage":"de","potentialAction":[{"@type":"ReadAction","target":["https:\/\/terraexact.de\/index.php\/hydraulische-nachruestung\/"]}]},{"@type":"BreadcrumbList","@id":"https:\/\/terraexact.de\/index.php\/hydraulische-nachruestung\/#breadcrumb","itemListElement":[{"@type":"ListItem","position":1,"name":"Startseite","item":"https:\/\/terraexact.de\/"},{"@type":"ListItem","position":2,"name":"Hydraulische Nachr\u00fcstung"}]},{"@type":"WebSite","@id":"https:\/\/terraexact.de\/#website","url":"https:\/\/terraexact.de\/","name":"Terraexact","description":"","potentialAction":[{"@type":"SearchAction","target":{"@type":"EntryPoint","urlTemplate":"https:\/\/terraexact.de\/?s={search_term_string}"},"query-input":{"@type":"PropertyValueSpecification","valueRequired":true,"valueName":"search_term_string"}}],"inLanguage":"de"}]}},"_links":{"self":[{"href":"https:\/\/terraexact.de\/index.php\/wp-json\/wp\/v2\/pages\/453","targetHints":{"allow":["GET"]}}],"collection":[{"href":"https:\/\/terraexact.de\/index.php\/wp-json\/wp\/v2\/pages"}],"about":[{"href":"https:\/\/terraexact.de\/index.php\/wp-json\/wp\/v2\/types\/page"}],"author":[{"embeddable":true,"href":"https:\/\/terraexact.de\/index.php\/wp-json\/wp\/v2\/users\/3"}],"replies":[{"embeddable":true,"href":"https:\/\/terraexact.de\/index.php\/wp-json\/wp\/v2\/comments?post=453"}],"version-history":[{"count":5,"href":"https:\/\/terraexact.de\/index.php\/wp-json\/wp\/v2\/pages\/453\/revisions"}],"predecessor-version":[{"id":477,"href":"https:\/\/terraexact.de\/index.php\/wp-json\/wp\/v2\/pages\/453\/revisions\/477"}],"wp:attachment":[{"href":"https:\/\/terraexact.de\/index.php\/wp-json\/wp\/v2\/media?parent=453"}],"curies":[{"name":"wp","href":"https:\/\/api.w.org\/{rel}","templated":true}]}}